q + 307. Determine r(19).
22
Let z(m) = 1562*m - 20080. Determine z(12).
-1336
Let l(u) = 354*u - 222. Determine l(6).
1902
Let o(p) = -4*p**3 - 3*p**2 - 629*p + 1919. Give o(3).
-103
Let s(m) = -309*m + 111. What is s(1)?
-198
Let v(b) = -1091*b + 103640. Calculate v(95).
-5
Let u(l) = -11*l**2 + 253*l + 9371. Calculate u(-20).
-89
Let x(f) = 2*f**3 - 15*f**2 - 3*f + 34. Calculate x(7).
-36
Let x(u) = -667*u**2 - 161417*u - 771. Calculate x(-242).
-45
Let h(b) = b**3 - 31*b**2 - 1093*b - 12519. Give h(55).
-34
Let d(i) = i**2 + 385*i + 7604. Determine d(-24).
-1060
Let i(q) = 60*q**2 - 74*q - 1. What is i(1)?
-15
Let a(r) = 2*r**2 + 1101*r + 71326. Calculate a(-75).
1
Let l(b) = -b**2 + 270*b - 1304. Calculate l(265).
21
Let z(h) = 11*h**3 - 215*h + 414. Determine z(2).
72
Let g(c) = 4*c**3 + 47*c**2 + 1121*c + 8014. Calculate g(-8).
6
Let z(h) = -5*h**3 + 4099*h**2 - 87765*h + 153. Determine z(22).
-1
Let y(s) = -402*s - 5273. Calculate y(-13).
-47
Let m(h) = 2*h**2 + 280*h + 9708. Give m(-60).
108
Let u(d) = 14991*d - 59840. Calculate u(4).
124
Let t(i) = 39*i**2 - 48*i + 180. What is t(6)?
1296
Let j(b) = -28*b + 1706. Give j(58).
82
Let k(f) = 41*f**2 + 14696*f + 6425. Determine k(-358).
-19
Let p(w) = 25*w**3 + 1960*w**2 + 526*w - 19802. What is p(-78)?
10
Let o(f) = f**3 - 32*f**2 - 108*f + 630. Determine o(32).
-2826
Let z(k) = -k**3 + 128*k**2 + 406*k + 14. Determine z(131).
1717
Let a(n) = 7648*n**2 + 38242*n + 5. Give a(-5).
-5
Let u(s) = 50943*s - 5450910. Determine u(107).
-9
Let r(p) = 194*p - 13611. Determine r(70).
-31
Let t(x) = 3*x**2 + 381*x + 2317. Calculate t(-6).
139
Let f(o) = -7*o**3 + 361*o**2 - 171*o - 1747. Determine f(51).
-64
Let u(k) = -k**2 - 604*k + 382141. Give u(386).
1
Let k(u) = -3*u**2 - 145*u - 4620. Determine k(-43).
-3932
Let s(q) = -q**3 - 112*q**2 + 203*q - 3131. What is s(-114)?
-281
Let c(g) = g**3 - 21*g**2 + 78*g - 2396. Calculate c(22).
-196
Let z(p) = 60*p**2 - 523*p - 13. What is z(9)?
140
Let z(c) = -c**2 + 17619*c - 281715. Give z(16).
-67
Let m(v) = -v**3 - 26*v**2 - 113*v + 19. Determine m(-6).
-23
Let i(c) = -9301*c + 4148242. What is i(446)?
-4
Let k(i) = 80*i**2 + 1782*i + 16. Give k(-22).
-468
Let y(v) = v**3 + 371*v**2 + 31547*v - 245. What is y(-239)?
-6
Let p(n) = -n**2 + 183*n - 6852. Calculate p(128).
188
Let m(o) = -12*o**2 + 1437*o - 161. Calculate m(120).
-521
Let m(b) = -704*b + 84714. Calculate m(122).
-1174
Let d(h) = -4*h**3 - 14*h**2 + 72*h - 7. Determine d(-9).
1127
Let d(l) = -2098*l + 10405. What is d(5)?
-85
Let d(k) = -257*k + 13678. Give d(54).
-200
Let c(v) = -34*v**2 - 7*v + 608. Calculate c(-6).
-574
Let j(o) = o**2 + 113*o - 4742. Calculate j(-146).
76
Let x(z) = 491*z**2 + 5157*z + 12022. Give x(-7).
-18
Let s(g) = 9043*g**2 - 72416*g - 38. Give s(8).
-614
Let v(p) = 2*p**3 + 9*p**2 - 223*p + 13. Give v(10).
683
Let r(s) = -227*s + 2464. What is r(15)?
-941
Let u(g) = 12633*g - 7491374. What is u(593)?
-5
Let m(b) = b**2 - 1019*b - 6204. Calculate m(-6).
-54
Let y(k) = 105*k**3 + 1677*k**2 - 59*k - 61. Determine y(-16).
115
Let m(x) = -3024*x - 2056311. Calculate m(-680).
9
Let y(x) = 39*x**2 - 8540*x - 272. Give y(219).
-53
Let w(s) = -74*s - 10713. Calculate w(-143).
-131
Let z(w) = 2*w**3 - 113*w**2 + 1614*w - 704. Give z(28).
-200
Let o(j) = -j**2 + 196*j + 15676. What is o(-61)?
-1
Let u(l) = l**3 - 371*l**2 + 34229*l - 191. What is u(199)?
8
Let i(k) = -3024*k - 3007. Determine i(-1).
17
Let b(i) = 812*i + 79473. Give b(-99).
-915
Let i(c) = 9*c**2 + 265*c + 1353. Determine i(-27).
759
Let g(i) = -158*i**2 + 1765*i + 16265. Calculate g(-6).
-13
Let h(y) = 260*y**2 + 7078*y + 1597. Determine h(-27).
31
Let a(t) = -t**2 + 278*t + 491922. Give a(-576).
18
Let s(q) = -q**3 - 39*q**2 - 376*q - 231. Calculate s(-15).
9
Let p(i) = -199*i - 26927. Determine p(-142).
1331
Let v(o) = 48*o + 430. Give v(-15).
-290
Let f(c) = 3*c - 359. Determine f(19).
-302
Let r(g) = g**2 + 552*g - 11. Calculate r(0).
-11
Let f(s) = -3*s**3 - 221*s**2 - 155*s - 1001. Calculate f(-73).
-344
Let a(b) = 4*b**2 - 187*b - 1760. Calculate a(-8).
-8
Let q(s) = s**3 - 7*s**2 - 337*s + 3369. Calculate q(10).
299
Let g(b) = -b**3 + 10*b**2 + 63*b - 109. What is g(14)?
-11
Let w(k) = -31*k - 944. Determine w(-38).
234
Let x(y) = 2901*y + 6026. Determine x(-2).
224
Let x(z) = 8*z**2 + 38*z - 41. Calculate x(-2).
-85
Let m(x) = -9*x**2 + 14466*x - 536715. Calculate m(38).
-3
Let f(j) = 5*j**2 + 5332*j - 26989. What is f(5)?
-204
Let i(f) = -19*f - 573. Determine i(-33).
54
Let g(y) = 11*y**2 + 2382*y + 4757. What is g(-2)?
37
Let g(u) = -2*u**3 + 49*u**2 + 1200*u + 194. Determine g(-15).
-31
Let j(i) = 1135*i + 7138. Give j(-10).
-4212
Let t(c) = 731*c + 1414. What is t(-2)?
-48
Let k(c) = -8*c**2 + 1981*c - 1254. What is k(247)?
-19
Let y(c) = -223110*c - 11155501. Determine y(-50).
-1
Let l(k) = 7*k**2 - 546*k - 1779. Calculate l(81).
-78
Let l(j) = 3*j**2 - 603*j - 65340. Calculate l(-78).
-54
Let a(y) = -2*y**3 - 6*y**2 + 134*y - 117. Determine a(7).
-159
Let s(j) = 20*j + 974. What is s(-49)?
-6
Let f(g) = -9470*g + 28426. Determine f(3).
16
Let v(x) = 2497*x + 536858. Determine v(-215).
3
Let u(h) = h**3 + 34*h**2 + 208*h - 12. What is u(-19)?
1451
Let l(b) = -13103*b - 707589. Give l(-54).
-27
Let d(b) = -b**3 + 145*b**2 + 760*b - 1482. Determine d(150).
18
Let x(c) = 25*c**2 + 3914*c + 2188. Give x(-156).
4
Let h(c) = 1584*c + 88. What is h(3)?
4840
Let b(f) = -f**2 - 1425*f + 144397. What is b(95)?
-3
Let j(b) = -b**3 + 378*b**2 - 1449*b - 168. Determine j(4).
20
Let p(a) = -24564*a - 73681. What is p(-3)?
11
Let k(q) = 267563*q - 4548566. Determine k(17).
5
Let l(y) = -33*y**2 + 472*y + 141. Determine l(15).
-204
Let g(b) = -750*b**2 - 38284*b - 1745. Determine g(-51).
-11
Let r(f) = -15*f**2 + 91175*f - 91176. Give r(1).
-16
Let c(u) = 27*u**3 + 358*u**2 + 715*u + 10. Determine c(-2).
-204
Let k(l) = 4*l**2 - 10*l - 355. What is k(8)?
-179
Let r(k) = 1705972*k + 47767221. Calculate r(-28).
5
Let y(q) = 12*q**3 + 75*q**2 + 5*q + 35. Give y(-7).
-441
Let q(c) = -2*c**3 - 2057*c**2 + 82334*c + 186719. What is q(-1067)?
-6
Let f(m) = -41862*m - 376780. Calculate f(-9).
-22
Let p(j) = -4*j**3 - 76*j**2 + 79*j - 137. Determine p(-20).
-117
Let s(m) = 18466*m + 36852. Give s(-2).
-80
Let x(u) = -51*u + 352. What is x(-14)?
1066
Let m(b) = 140367*b - 25827516. What is m(184)?
12
Let y(m) = 2389*m + 9642. Give y(-4).
86
Let d(y) = 4948*y - 263451. Calculate d(53).
-1207
Let l(f) = -3*f**3 + 840*f**2 - 3398*f + 23731. Give l(276).
-5
Let x(g) = 6*g**2 - 1370*g - 16279. Calculate x(-12).
1025
Let p(g) = 364*g**2 - 1061*g + 237. Determine p(3).
330
Let f(o) = -o**3 - 111*o**2 - 2862*o - 887. What is f(-40)?
-7
Let o(f) = -16976*f - 1935256. What is o(-114)?
8
Let r(x) = 72324*x - 40646094. Calculate r(562).
-6
Let p(o) = -10*o**2 + 194*o - 770. Determine p(14).
-14
Let a(x) = -x**3 - 1170*x**2 + 14224*x - 517. Determine a(12).
-37
Let b(v) = -14*v**2 + 26696*v + 187509. What is b(-7)?
-49
Let a(u) = -u**2 - 3779*u - 41423. Calculate a(-11).
25
Let t(s) = -s**3 - 22*s**2 - 84*s - 526. Calculate t(-16).
-718
Let r(u) = -62*u**2 - 3502*u + 27547. Calculate r(7).
-5
Let k(t) = 3*t**3 - 12*t**2 + 79*t - 287. Give k(4).
29
Let q(f) = -2249*f**2 + 48*f - 93. What is q(2)?
-8993
Let u(a) = -1973*a**2 + 78911*a + 379. Calculate u(40).
19
Let t(y) = -4*y**2 - 1635*y - 144205. What is t(-280)?
-5
Let c(i) = -603*i + 77792. What is c(129)?
5
Let x(n) = -n**3 + 28*n**2 + 124*n - 14. Give x(-4).
2
Let y(t) = 3*t**3 - 230*t**2 + 604*t + 41. Calculate y(74).
929
Let z(f) = -394*f + 22224. What is z(57)?
-234
Let l(h) = 4*h**2 + 2908*h - 53632. Determine l(-745).
8
Let s(p) = -3959*p - 10. Give s(0).
-10
Let a(l) = 1052*l - 6925. Give a(7).
439
Let y(z) = 1269*z - 24076. Give y(19).
35
Let i(m) = -m**3 + 11*m**2 + 1700*m - 10113. What is i(6)?
267
Let q(t) = t**3 + 31*t**2 - 324*t + 191. What is q(-40)?
-1249
Let z(v) = -v**2 + 743*v - 23746. Calculate z(32).
-994
Let y(x) = 58*x - 2824. Determine y(61).
714
Let a(j) = -j**3 - 227*j**2 - 12816*j - 266. Determine a(-122).
466
Let i(d) = 33012*d + 4621687. What is i(-140)?
7
Let c(g) = 115*g**3 - 3*g**2 - 18*g - 15. Determine c(-1).
-115
Let w(h) = 228*h**2 + 50